2*a**3 + 8*a**2 + 4*a + 5. Let v(r) = -b(r) + 3*w(r). Calculate v(-7).
-8
Let d(o) be the second derivative of o**4/12 - o**3/6 - 5*o**2/2 + 6*o. Suppose 0 = -36*x - 1 + 1. What is d(x)?
-5
Suppose k = 4*d + 11, -4*k + 2*d - 4*d = -8. Suppose -3*x - k = -4*x. Suppose 9 = j + x. Let q(z) = -2*z + 6. What is q(j)?
-6
Let o(a) be the first derivative of 3*a**4/2 - a**3/3 + a**2/2 - a - 6. Determine o(1).
5
Let l(g) = -5*g - 8. Let o = -291 + 286. Give l(o).
17
Suppose -f + 34 = -4*i - 3*f, 15 = -3*i + 2*f. Let y(t) be the third derivative of -t**6/120 - 2*t**5/15 - 3*t**4/8 + 470*t**2. Give y(i).
14
Let f be (-8)/28 + 6/21. Let y(k) = -3 + 4 + f - k**2 + 4*k - 2. Give y(4).
-1
Let k(m) = -3*m + 1. Let f be k(-2). Suppose -3*z - f = 4*z. Let r be (3 - 9) + z + 4. Let q(l) = l**3 + 2*l**2. What is q(r)?
-9
Suppose 0 = 26*f - 4*f - 66. Let l(z) be the third derivative of -z**4/4 - z**2. Give l(f).
-18
Let l(m) = -1 - 9 + 2 + m + 0. Calculate l(-7).
-15
Let s(r) be the third derivative of -5*r**4/12 - 7*r**3/6 - 182*r**2. What is s(-2)?
13
Let g(f) = -1 + 4*f + 15*f - 6*f. Let c(r) = -r + 5. Suppose 7 = 4*a - 17. Let u be c(a). Determine g(u).
-14
Let d = -7 - -18. Let k be 2/6*(20 - d). Let a(c) = c - 3. What is a(k)?
0
Let d be (1 - 13) + 24/4. Let k(r) = -r**3 - 7*r**2 - 3*r + 1. What is k(d)?
-17
Let o(n) = 5*n**2 + 32*n - 2. Let u(s) = 3*s**2 + 17*s - 1. Let q(p) = 4*o(p) - 7*u(p). Give q(7).
13
Suppose -4*o - 197 + 177 = 4*p, 0 = 3*p - 3*o + 9. Let y(j) be the third derivative of -j**5/60 - j**4/4 - j**3/3 - j**2. Determine y(p).
6
Let h(q) = -16*q**3 + 14*q**2 + 5*q - 20. Let t(y) = -3*y**3 + 3*y**2 + y - 4. Let c(v) = -2*h(v) + 11*t(v). What is c(5)?
1
Let p be -3 + (-4)/(-1) - -1. Let w(q) = 6*q**2 - 11*q**p + 0*q**2 + 7*q**2 - 1. Give w(1).
1
Suppose -4*x = r + 42, 4*x + r + 48 = 3*r. Let d(z) = -z**3 - 9*z**2 + 21*z - 11. Determine d(x).
0
Let m(y) = 14*y**2 + 27*y + 9. Let j(b) = -24*b**2 - 51*b - 17. Let d(i) = -3*j(i) - 5*m(i). What is d(-8)?
-10
Let q(l) = -4*l**3 - l**2 - 5. Let i(h) = -5*h**3 - h - 6. Suppose 0 = -r + 1 + 19. Suppose 7*p = 3*p - r. Let v(f) = p*i(f) + 6*q(f). Give v(4).
-12
Suppose -2*b - 2*t - 4 = -6, 2 = 5*b + 4*t. Let y(f) = f**3 - f**2 - 2*f + 1. Give y(b).
-7
Let t = -7 + 13. Let q(r) = 6*r - 19. Let w(v) = -v + 3. Let m(p) = t*q(p) + 39*w(p). Let n = 19 - 17. What is m(n)?
-3
Let h(c) be the third derivative of -c**5/60 - c**4/6 - c**3/2 - 3*c**2. Suppose 15 = -3*o + 3*b, -9 = o - 3*b - 0*b. What is h(o)?
0
Let y = -32 - -25. Let j(c) = 3*c**2 - 2*c + 1. Let u(k) = -5*k**2 + 5*k - 2. Let n(r) = y*j(r) - 4*u(r). Give n(-6).
1
Suppose 4*v + 3*u - 7*u = -16, 2*u = -5*v - 6. Let x = -2 + 4. Let q(i) = -i**2 - i**2 + 3*i**x + 1. Calculate q(v).
5
Let s(q) = q**3 - 24 + 0*q**3 + 12*q**2 + 5 - 14*q. Let t be 1242/(-1035) - (-118)/(-10). Determine s(t).
-6
Let m be -19 + (1 - (-1 - 0)). Let t = 12 + m. Let u(y) = -3*y + 99*y**2 - 93*y**2 + y**3 + 8*y + 1. Determine u(t).
1
Let h(f) = f**2 - 7*f + 7. Let z be h(0). Let c(o) = o**3 - 8*o**2 + 5*o + 10. Determine c(z).
-4
Suppose -5*t + 2*b = 5*b - 4, 6 = 2*t - b. Let v(j) = j**2 + j**2 + 5*j**t + 4 + 8*j - 5*j**3 + 6*j**3. What is v(-6)?
-8
Let a(s) = 7 - 49*s**2 - 52*s**2 + 7*s + 102*s**2. Calculate a(-4).
-5
Let g(y) = 2*y. Let z be (4/8)/(3/102). Let v be (1 + (-6)/4)*-2. Suppose 6*a + v + z = 0. Determine g(a).
-6
Let q = -40 + 1. Let g = -39 - q. Let j(r) = r - 10. Give j(g).
-10
Let y(u) = 2*u**2 - 6*u - 4. Let m = -375 + 380. Give y(m).
16
Let q(y) be the first derivative of -y**4/4 - 10*y**3/3 + 51. What is q(-10)?
0
Let d(q) = q**2 + 11*q - 7. Suppose 6*k + 5 = -1. Let p be (k + (-5)/(-3))/((-2)/36). Determine d(p).
5
Let c be (-51)/(-4) + (-9)/(-36). Let a = c - 16. Let x(y) = 2*y**3 + 3*y**2 + 4*y - 5. Let p(d) = d**3 + d**2 + d. Let s(q) = a*p(q) + x(q). Give s(0).
-5
Let g(a) be the first derivative of 7*a**6/60 + a**5/30 - a**4/24 - 12*a**2 - 16. Let v(t) be the second derivative of g(t). Give v(1).
15
Suppose 2 = -11*h + 10*h, 5*f + 3*h - 29 = 0. Let t(z) = -z**2 + 6*z + 7. Give t(f).
0
Let p(u) = u - 8. Let b(s) = 3*s + 6. Let n be b(-4). Give p(n).
-14
Let f(q) = -15*q - 23. Let u(b) be the third derivative of 7*b**4/24 + 11*b**3/6 - 7*b**2. Let p(j) = -6*f(j) - 13*u(j). What is p(-6)?
1
Let l(a) be the second derivative of -a**5/20 - 5*a**4/6 - a**3/3 - 6*a**2 - 59*a. Calculate l(-10).
8
Let g(a) = -a + 2. Let w(q) = -6*q - 5. Let k be w(-2). Let c be (-28)/(-5) + k/(175/10). Give g(c).
-4
Let y = 5 - 3. Suppose 23 = y*r + 9. Let c(l) = -l**2 + 0*l**2 + l - 2*l**2 + r + 4*l**2. Calculate c(0).
7
Let l(f) = 3*f**2 + 7 + 14*f + 3*f**3 - 2*f**3 + 11*f**2 + 0. Give l(-13).
-6
Let l(v) = 3*v - 5. Let g be (0 - -1)/(4/36). Let p = g - 13. Calculate l(p).
-17
Let q(m) = -m**2 + 6*m - 1. Let b = -136 + 135. Let w(z) = 6*z**2 + z - z + z + 1. Let t be w(b). What is q(t)?
-1
Let j(i) = 42*i + 49*i - 1 - 84*i + 0. Calculate j(2).
13
Let n(a) = 1 + 623*a - 4*a**2 - 623*a. Let g = -91 - -90. What is n(g)?
-3
Let w(s) be the second derivative of -s**4/12 - 11*s**3/6 - 9*s**2 - 16*s. Let y be w(-9). Let p(m) = -m. What is p(y)?
0
Let d(g) = -20*g + 119. Let o be d(6). Let a(w) = 10*w. What is a(o)?
-10
Let l(b) = b**2 - 6*b - 1. Let d(f) = -2 - f + 3 + 7. Let p be d(4). Suppose -2*r - 3*s = 0, 0 = p*r + s - 5*s - 40. Determine l(r).
-1
Let h(v) = 36*v + 30*v - v**2 + 34*v - 145*v - 5 + 36*v. What is h(-4)?
15
Let o(b) = -5. Let u(l) = l**2 - l + 1. Let w(j) = -o(j) - u(j). Let c(q) be the first derivative of w(q). Give c(2).
-3
Let a(q) be the first derivative of 3*q**2 + q - 97. Determine a(-3).
-17
Let b = -367 - -372. Let u(c) = c**2 - c + 1. Let p(z) = z**2 + z + 2. Let s(g) = -p(g) + 2*u(g). Calculate s(b).
10
Let y(j) = -2*j + 1. Suppose 2*q - 17 = -11. Give y(q).
-5
Let i(s) = -s**3 - 8*s**2 - 14*s - 7. Let l be i(-6). Let r(k) be the third derivative of k**4/24 - 4*k**2 - 6*k. Give r(l).
5
Let s(d) = -d**2 + 7*d + 2. Suppose -17 - 33 = -5*b. Suppose -t = b + 26. Let f = -30 - t. What is s(f)?
8
Let v(r) = r**3 + 8*r**2 + 8*r + 8. Let c be v(-7). Let x(t) = 4*t + 1 - c. Suppose -31*p + 7*p + 32 = 8*p. Determine x(p).
4
Let f be -2*(-4 + (2 - 2)). Let p = f - -6. Let y = p + -11. Let r(i) = 2*i - 3. Determine r(y).
3
Let g be 5/3 - 4/6. Let a(w) = -4 - 6*w + g - 1 + w**2. Let m(d) = 5*d**2 + 130*d + 6. Let v be m(-26). What is a(v)?
-4
Let o = 7 - 2. Suppose o = 2*l - 7. Let f(k) = k**2 - 9*k + 15. Let z be f(l). Let w(j) = -j**3 - j**2 + 5*j + 2. What is w(z)?
5
Let f(m) = -3*m + 30. Let g be (-5)/((22/77)/((-12)/35)). Calculate f(g).
12
Let o = 1686 + -1681. Let v(u) = u**3 - 3*u**2 - 10*u - 5. Calculate v(o).
-5
Suppose 6*z = 3*i + z - 16, -2*z + 9 = i. Let c(o) = 0*o**3 - o**3 + 19 - 22 + o + i*o**2. Let s be 3 + (11 - -1)/3. What is c(s)?
4
Let w(g) be the second derivative of -g**5/20 + 3*g**2 + 33*g. Give w(0).
6
Let t(m) be the first derivative of -m**2 - 33*m - 312. Calculate t(-18).
3
Let j(v) = -3*v + 3. Let r = -2 - 19. Let t = r + 21. Suppose 5*z = -t + 15. What is j(z)?
-6
Suppose -4*h - 13 = 3*q, -4*h = -q - 2*q + 19. Let j(w) = -4*w**2 + w. Calculate j(q).
-3
Let v = 3171 + -3165. Let b(w) = -2*w + w**3 - 6*w**2 + w**2 - 5*w + 5. What is b(v)?
-1
Let o(u) = -u + 9. Suppose 4*w + 0*w = -2*r + 24, -w - 2*r = -9. Let s be o(w). Let m(a) = a + s - 4. What is m(-6)?
-6
Suppose 2*h + 0 = -q + 7, -q + 7 = 4*h. Suppose q*v = -v - 48. Let m(t) = -2*t - 6*t - t**2 + 0*t - 6. Give m(v).
6
Let l(d) = 5*d**2 - 3*d - 2. Suppose -2016*t + 2008*t - 16 = 0. Determine l(t).
24
Let r(n) = -4*n**3 + 4*n**2 - 9*n - 4. Let f(g) = 3*g**3 - 5*g**2 + 8*g + 2. Let v(a) = 3*f(a) + 2*r(a). What is v(6)?
-2
Let u(d) be the third derivative of d**6/360 - d**5/120 + d**4/12 - 10*d**2. Let s(j) be the second derivative of u(j). Give s(-1).
-3
Let f(p) be the first derivative of -p**3/3 + p**2/2 - 7*p - 48. Give f(5).
-27
Suppose 4*r - 25 = -r. Let o(u) = 2*u**3 - 10*u**2 + 4*u - 11. Let c(d) = d**3 - 5*d**2 + 2*d - 5. Let q(p) = 5*c(p) - 2*o(p). Determine q(r).
7
Let d(c) = -c**3 + 5*c**2 - 6*c + 1. Let a(k) = -5*k - 96. Let x be a(-20). What is d(x)?
-7
Let p(q) = q + 4. Let r(z) = -2*z - 7. Let t be r(-5). Suppose 0 = -3*i + 2*x - 18 - 3, t*x + 16 = -5*i. Calculate p(i).